at is the remainder when w is divided by 10?
7
Suppose -3*r + 9 = 9. Suppose 0 = -a + 4*i + 64, r = -3*a - 3*i - 34 + 181. What is the remainder when a is divided by 9?
7
Suppose -3 + 187 = 8*g. Let p = 15 + -2. Let k = g - p. What is the remainder when 19 is divided by k?
9
Suppose 116 = h - x - 292, -2076 = -5*h - 4*x. What is the remainder when h is divided by 46?
44
Let v(p) = 3*p + 31. Let b be v(-9). Suppose 2*o - 127 = j - 2*j, o = 5*j - 602. Calculate the remainder when j is divided by b/(-1) - (-39 - (1 + -5)).
28
Let s = 128 + -115. What is the remainder when 36 is divided by s?
10
Suppose 15*z = 691 + 119. Calculate the remainder when 166 is divided by z.
4
Suppose 2*d + 14 = 2*z + 2, z - 3 = 0. Let c(k) = k**2 + 4*k + 3. Let j be c(d). Suppose j = 3*r - 0*r - 21. Calculate the remainder when 13 is divided by r.
6
Suppose -2*y - 20 + 4 = 0. Let a = 49 - y. Calculate the remainder when a is divided by 12.
9
Let r be 1/((-4)/(4/(-1))). Let k = r - -8. Calculate the remainder when k is divided by 6.
3
Let j(u) = -u**3 - 10*u**2 + 13*u + 32. What is the remainder when 24 is divided by j(-11)?
4
What is the remainder when 1815 is divided by ((-4)/6)/(26/(-429)) - 2?
6
Suppose 57 = -4*k + 7*k. Calculate the remainder when k is divided by 994/(-213) + 2/9*3 + 15.
8
Calculate the remainder when ((5/5 - -2) + -29)*-16 is divided by 67.
14
Let o = 23 + -34. Let j = o + 21. Let z = -3 + j. Calculate the remainder when 27 is divided by z.
6
Let p = 40 + -37. Suppose 5*y - 3*y + 118 = 2*z, 182 = p*z - 4*y. Calculate the remainder when z is divided by 19.
16
Let c(r) = -r + 226. Calculate the remainder when c(-20) is divided by 18.
12
Let y(j) = 5*j - 1. Suppose 0 = -5*t - g + 27, -4*t = -2*t - 5*g. Calculate the remainder when 141 is divided by y(t).
21
Let m = 12 + 100. Suppose m = -7*x + 539. Suppose -x + 171 = 5*g. What is the remainder when 64 is divided by g?
20
Calculate the remainder when 285 is divided by 11/((-374)/(-1819)) + (-1)/(-2).
15
Let d = -2129 + 2197. Calculate the remainder when 129 is divided by d.
61
Let r = -123 - -154. Calculate the remainder when 41 is divided by r.
10
Suppose t = -4*y + 23 - 0, 4*t + y = 17. What is the remainder when 622 is divided by t?
1
Let j(r) = -r**3 + 7*r**2 - r + 1. Let h be j(7). Let f(g) = -g**2 - 9*g - 5. Suppose 4*v + v - 180 = 0. Calculate the remainder when v is divided by f(h).
10
Let c(m) = 4*m**2 + 2. Let t be c(-2). Suppose -t*u = -16*u - 34. What is the remainder when u is divided by 6?
5
Suppose -28 = 9*l - 127. Let o be 20/6 + (-6)/18. What is the remainder when (o + -3 + 10)*2 is divided by l?
9
Let g = 345 - 279. Calculate the remainder when 257 is divided by g.
59
Suppose -3 = -5*y - h + 4, -4*h - 4 = 4*y. Suppose -y*c + 5 = -3. Calculate the remainder when 85 is divided by (-7)/(42/c)*-33.
19
Let q(b) = 5*b**2 + 14*b + 3. Let h be q(-6). Suppose -3*u - 3 + h = 0. Calculate the remainder when u is divided by 4.
0
Let l(b) = -1 + 18*b + 22 + 19 + b**2. Calculate the remainder when 17 is divided by l(-16).
1
Calculate the remainder when 28*(39/12 - (-4)/(-8)) is divided by 23.
8
Let r(w) = 7*w**2 + 26*w + 9. Calculate the remainder when 112 is divided by r(-5).
4
Suppose 38 = 3*y + 5*j - 135, -3*y + 189 = -3*j. Let a(w) be the first derivative of 5*w**2/2 + w - 2. What is the remainder when y is divided by a(4)?
19
Let j = 218 + -144. Calculate the remainder when j is divided by 3.
2
Let f(h) = -10. Let u(j) = -j + 10. Let t(d) = 4*f(d) + 3*u(d). Calculate the remainder when 54 is divided by t(-7).
10
Suppose 0 = -v + 6*v - 3*b - 61, 3*b = -3*v + 27. Let p = 67 - 36. Calculate the remainder when p is divided by v.
9
Suppose 0 = -2*x - 5*b + 110 + 3, -39 = -x + b. Suppose 8 = -3*t + x. Let k(o) = -o**3 + 12*o**2 + 12. Calculate the remainder when 23 is divided by k(t).
11
Suppose 2*x - 62 = -3*h, 5*x - 2*x + h - 86 = 0. What is the remainder when x is divided by 11?
6
Let b = 581 - 574. Calculate the remainder when 326 is divided by b.
4
Suppose -9*c + 15*c - 852 = 0. What is the remainder when c is divided by 24?
22
Suppose -6*t + 127 = -215. Suppose -2*y = 10, -2*k + 5*y + t = -0*k. Calculate the remainder when 22 is divided by k.
6
Let m(o) = -3*o - 46. What is the remainder when 11 is divided by m(-19)?
0
Let l(d) = 4 + 3*d**2 + 2*d**2 - 25*d - d**3 + 26*d. Suppose 63 = 3*y + 5*k, -4*y + 0*k + 5*k = -49. What is the remainder when y is divided by l(5)?
7
Suppose 320 = -u + 1074. Calculate the remainder when u is divided by 27.
25
What is the remainder when -7*((1 - 7) + 5) + 277 is divided by 87?
23
Suppose -2*i + 132 = i. Let z = 126 + -85. Suppose 2*x + z = 5*y - 34, 2*y + x = 30. What is the remainder when i is divided by y?
14
Suppose -2218 + 650 = -14*k. What is the remainder when k is divided by 35?
7
Let x(j) = -3*j - 8. Let f be x(-6). Let s = f + -7. Suppose s*a - 2*a = 11. What is the remainder when 41 is divided by a?
8
Let w be 3/2 - 1413/18. Let m = w - -79. Suppose 11 = 2*g - 7. What is the remainder when g is divided by m?
1
Suppose 4*w - 3*w - h = 5, 5*h = -w - 25. Suppose -4*m + s + 424 = w, -3*m = -4*m + s + 103. Calculate the remainder when m is divided by 27.
26
Suppose 0 = 7*p - 9*p + 44. Let f(r) = -7*r + 21. Calculate the remainder when f(-3) is divided by p.
20
Let s(h) = h**2 - 2*h - 9. Let k be s(0). Let b(y) = y**3 + 8*y**2 - 10*y + 5. What is the remainder when 24 is divided by b(k)?
10
Suppose -5*n + 1427 = -3*u, -4*n - u - 240 = -1368. Let z = n + -619. What is the remainder when 78 is divided by 8/6 - z/18?
18
Suppose 91 = 2*o + d, 117 = 3*o - 88*d + 83*d. Suppose -4*z + 12 = -2*z. What is the remainder when o is divided by z?
2
Let a(b) = b + 2. Let u be a(5). Let t(j) = -j**3 + 6*j**2 + 7*j + 5. Let s = -380 + 389. What is the remainder when s is divided by t(u)?
4
Let i(m) = -m**3 + 4*m**2 - m - 4. Suppose 3*a - 3 = -6*x + x, 5*a = 3*x - 29. Calculate the remainder when 4 is divided by i(x).
0
Let a be -3 - 3/((-9)/42). Calculate the remainder when ((-1)/6)/(a/88)*-54 is divided by 15.
12
Suppose 4*j - 7*j = 2*f - 77, -2*j - 2*f = -52. Let w = 5 + 2. What is the remainder when j is divided by w?
4
Let q be 6/33 + 310/(-11). Let f = q + 41. Suppose 17 = 2*p - f. What is the remainder when 73 is divided by p?
13
What is the remainder when 29 is divided by 2/(-3) - 900/(-54)?
13
Let h be -3 + 54 + (-2 - 0). Let b = h - -38. Let o = -168 - -186. Calculate the remainder when b is divided by o.
15
Let c be 696/20 - 1/(-5). Let r = 56 - c. Suppose 3*d - g - 56 = 0, 0*g + 2*g - r = -d. What is the remainder when d is divided by 10?
9
Suppose -5*l = 5*v - 385, 14*v = 16*v - 10. Calculate the remainder when 143 is divided by l.
71
Let n(c) = c**3 - 13*c**2 + 11*c + 14. Let m be n(12). Suppose -w + 14 = m. Calculate the remainder when w is divided by 7.
5
Let g(y) = y**3 + 13*y**2 + 19*y + 7. Let s be g(-8). Let f = s + -89. Calculate the remainder when f is divided by 30.
26
Let v be (-10)/(-4) - 15/10. Let a be 0*(5 + (-4)/v). Suppose 0 = -6*z - a*z + 132. What is the remainder when 87 is divided by z?
21
Let n = -1 - -12. Let j = 13 - n. Suppose 0 = 2*w - 5*c - 29 - 214, -j*w - 5*c + 193 = 0. Calculate the remainder when w is divided by 28.
25
Let q = -28 + 58. Let d(r) = -r**2 + 3*r - 9. Let b be d(6). Let l = -19 - b. What is the remainder when q is divided by l?
6
Let c(r) be the second derivative of r**3/6 + 7*r**2 + 3*r. Let z be c(-9). Suppose -z*q = 13 - 48. Calculate the remainder when 16 is divided by q.
2
Let x = -29 + 40. Let k(i) = 28*i - 20. Let w be k(2). Let d = w - x. Calculate the remainder when 73 is divided by d.
23
Let u(s) = s + 6. Let k be 0/13*(-1 - -2). Let x be u(k). Suppose 0 = -o + 3*o - x. What is the remainder when 10 is divided by o?
1
Let i(v) = 34*v**3 + 4*v**2 - 2*v - 2. Calculate the remainder when 644 is divided by i(1).
32
Suppose 90 = -35*s + 41*s. What is the remainder when s is divided by 12?
3
Let x(f) be the first derivative of 25*f**2/2 - 3*f - 40. What is the remainder when 29 is divided by x(1)?
7
Suppose 0 = -40*r + 30*r + 60. Calculate the remainder when 42 is divided by 17 - (r + (-4 - -6 - 6)).
12
Suppose 3*m - a = 59, m - a - 12 = 11. Let w = 67 + -65. Suppose 4*x - 212 = -4*l, -w*l - 3*l - x = -261